{"id":1319,"date":"2021-11-21T15:14:19","date_gmt":"2021-11-21T15:14:19","guid":{"rendered":"https:\/\/tanjademkow.nl\/?page_id=1319"},"modified":"2025-12-15T10:51:41","modified_gmt":"2025-12-15T10:51:41","slug":"about","status":"publish","type":"page","link":"https:\/\/tanjademkow.nl\/?page_id=1319","title":{"rendered":"Repertoire"},"content":{"rendered":"\n<p>Onderstaande stukken betreffen repertoire waar Tanja eerder in publiek heeft gezongen, of in projectvorm aan meegewerkt.<\/p>\n\n\n\n<figure class=\"wp-block-table\"><table><tbody><tr><td>J.S. Bach<\/td><td>Aus Liebe (Matth\u00e4us Passion BWV244)<\/td><\/tr><tr><td><\/td><td>Bl\u00fcte nur, du liebes Herz (Matth\u00e4us Passion BWV244)<\/td><\/tr><tr><td><\/td><td>Quia Respexit (Magnificat BWV243)<\/td><\/tr><tr><td><\/td><td>Geistliche Liedern und Arien (div)<\/td><\/tr><tr><td><\/td><td>Jesu Meiner Freude (Motet BWV227)<\/td><\/tr><tr><td><\/td><td>Christe Eleison (Messe in H-moll BWV232)<\/td><\/tr><tr><td><\/td><td>Meine Herze Schwimmt im Blut (Cantate BWV199)<\/td><\/tr><tr><td><\/td><td>Ich folge dir gleichfalls (Joahnnes Passion, BWV)<\/td><\/tr><tr><td><\/td><td>sopraanpartij duet So ist mein Jesus nun gefangen (Matth\u00e4us Passion, BWV244)<\/td><\/tr><tr><td><\/td><td>Komm in mein Herze Rein \u2013 uit cantate<\/td><\/tr><tr><td><\/td><td>Du lebest mein Jesu \u2013 duet uit cantate B145 J.S. Bach<\/td><\/tr><tr><td>G. Faur\u00e9<\/td><td>Pie Jesu (Requiem Op.48)<\/td><\/tr><tr><td><\/td><td>Apr\u00e8s un r\u00eave (Trois m\u00e9lodies Op.7 No.1)<\/td><\/tr><tr><td><\/td><td>Les Berceaux<\/td><\/tr><tr><td><\/td><td>Puisqu\u2019ici bas toute \u00e2me<\/td><\/tr><tr><td><\/td><td><\/td><\/tr><tr><td>W.A. Mozart<\/td><td>Exsultate Jubilate (Motet K.165)<\/td><\/tr><tr><td><\/td><td>Laudate Dominum (Vesperae Solennes de Confessore K.339)<\/td><\/tr><tr><td><\/td><td>Voi che sapete (Le nozze di Figaro K.492)<\/td><\/tr><tr><td><\/td><td>Un moto di gioia (Le nozze di Figaro K.492)<\/td><\/tr><tr><td><\/td><td>Deh, vieni, non tardar (Le nozze di Figaro K.492)<\/td><\/tr><tr><td><\/td><td>Soave sia il vento (Cosi fan tutte K.588)<\/td><\/tr><tr><td><\/td><td>Abendempfindung an Laura (Lied K.523)<\/td><\/tr><tr><td><\/td><td>Der H\u00f6lle Rache kocht in meinem Herzen (Die Zauberfl\u00f6te)<\/td><\/tr><tr><td><\/td><td>Ach, ich f\u00fchl\u2019s (Die Zauberfl\u00f6te)<\/td><\/tr><tr><td><\/td><td>Vorrei spiegarvi, oh Dio!<\/td><\/tr><tr><td><\/td><td>Il core vi dono \u2013 duet uit Cosi Fan Tutte (K. 588)<\/td><\/tr><tr><td><\/td><td><\/td><\/tr><tr><td>L. van Beethoven<\/td><td>Ich liebe dich<\/td><\/tr><tr><td><\/td><td><\/td><\/tr><tr><td>J. Dowland<\/td><td>Come Again, Sweet Love Doth Now Invite (Booke of Songes 1597)<\/td><\/tr><tr><td><\/td><td><\/td><\/tr><tr><td>A. Cesti<\/td><td>Intorno all\u2019idol mio (Orontea, 1656)<\/td><\/tr><tr><td><\/td><td><\/td><\/tr><tr><td>G.G. Carissimi<\/td><td>Vittoria, Vittoria (Arie Antiche)<\/td><\/tr><tr><td><\/td><td><\/td><\/tr><tr><td>G. Bonocini<\/td><td>Deh, piu a me non v\u2019ascondete (Italian song ca. 1660)<\/td><\/tr><tr><td><\/td><td><\/td><\/tr><tr><td>T. Giordani<\/td><td>Caro mio ben (Arie Antiche)<\/td><\/tr><tr><td><\/td><td><\/td><\/tr><tr><td>H. Purcell<\/td><td>When I am laid in Earth (Dido and Aeneas Z.626)<\/td><\/tr><tr><td><\/td><td>I Attempt from Love&#8217;s Sickness (The Indian Queen Z.630)<\/td><\/tr><tr><td><\/td><td><\/td><\/tr><tr><td>G. Puccini<\/td><td>Quando men vo (La Boh\u00e8me 1896)<\/td><\/tr><tr><td><\/td><td>O mio babbino caro (Gianni Schicchi 1918)<\/td><\/tr><tr><td><\/td><td>Mi Chiamano Mimi (La Boh\u00e8me)<\/td><\/tr><tr><td><\/td><td>Senza Mamma (Suor Angelica)<\/td><\/tr><tr><td>R. Schumann<\/td><td>Widmung (Myrthen Op.25)<\/td><\/tr><tr><td><\/td><td><\/td><\/tr><tr><td>H. Wolf<\/td><td>Auch kleine Dinge  k\u00f6nnen uns entz\u00fccken (Italienisches Liederbuch 1860)<\/td><\/tr><tr><td><\/td><td><\/td><\/tr><tr><td>S. Barber<\/td><td>Must the Winter Come So Soon (Vanessa Op.32)<\/td><\/tr><tr><td><\/td><td><\/td><\/tr><tr><td>R. Vaughan-Williams<\/td><td>Let Beauty Awake (Songs of Travel 1904)<\/td><\/tr><tr><td><\/td><td><\/td><\/tr><tr><td>L. Vierne<\/td><td>Les angelus (Liedcyclus Op.57)<\/td><\/tr><tr><td><\/td><td><\/td><\/tr><tr><td>C. Gounod<\/td><td>Ave Maria (M\u00e9ditation sur le Premier Pr\u00e9lude de Piano de J.S. Bach)<\/td><\/tr><tr><td><\/td><td><\/td><\/tr><tr><td>C. Franck<\/td><td>Panis Angelicus (Mass Op.12)<\/td><\/tr><tr><td><\/td><td><\/td><\/tr><tr><td>B. Britten<\/td><td>A Ceremony of Carols (Op.28)<\/td><\/tr><tr><td><\/td><td><\/td><\/tr><tr><td>G.F. H\u00e4ndel<\/td><td>He shall fleed his flock (Messiah HWV.56)<\/td><\/tr><tr><td><\/td><td>Rejoice (Messiah HWV.56)<\/td><\/tr><tr><td><\/td><td><\/td><\/tr><tr><td>T. L\u00f6wenthal<\/td><td>Missa Solemnis<\/td><\/tr><tr><td><\/td><td><\/td><\/tr><tr><td>J. Bredewout en H. de Ruiter<\/td><td>Oratorium Ruth<\/td><\/tr><tr><td><\/td><td><\/td><\/tr><tr><td>F. Poulenc<\/td><td>Les chemins de l\u2019amour<\/td><\/tr><tr><td><\/td><td><\/td><\/tr><tr><td>J. Haydn<\/td><td>sopraanpartij duet \u2018Holde Gattin\u2019 (Die Sch\u00f6pfung)<\/td><\/tr><tr><td><\/td><td><\/td><\/tr><tr><td>E. Satie<\/td><td>Je te veux<\/td><\/tr><tr><td><\/td><td><\/td><\/tr><tr><td>G. Allegri<\/td><td>Misere Mei, Deus \u2013 van Allegri (de hoge partij)<\/td><\/tr><tr><td><\/td><td><\/td><\/tr><tr><td>C. Saint-Sa\u00ebns<\/td><td>Benedictus qui venit \u2013 Oratorio de No\u00ebl<\/td><\/tr><tr><td><\/td><td>Ave Maria (duet)<\/td><\/tr><tr><td><\/td><td><\/td><\/tr><tr><td>J. Brahms<\/td><td>Die Mainacht<\/td><\/tr><tr><td><\/td><td><\/td><\/tr><tr><td>E. Grieg<\/td><td>Min lille fugl<\/td><\/tr><tr><td><\/td><td><\/td><\/tr><tr><td>G.F. H\u00e4ndel<\/td><td>Se piet\u00e0 di me non senti (uit de opera Giulio Cesare in Egitto)<\/td><\/tr><tr><td><\/td><td>Pianger\u00f2 la sorte mia (uit de opera Giulio Cesare in Egitto)<\/td><\/tr><tr><td><\/td><td>Ombra mai fu (uit de opera Serse)<\/td><\/tr><tr><td><\/td><td>As steals the morn (duett uit Oratorio L\u2019allegro, il Penseroso ed il Moderato)<\/td><\/tr><\/tbody><\/table><\/figure>\n","protected":false},"excerpt":{"rendered":"<p>Onderstaande stukken betreffen repertoire waar Tanja eerder in publiek heeft gezongen, of in projectvorm aan meegewerkt. J.S. Bach Aus Liebe (Matth\u00e4us Passion BWV244) Bl\u00fcte nur, du liebes Herz (Matth\u00e4us Passion BWV244) Quia Respexit (Magnificat BWV243) Geistliche Liedern und Arien (div) Jesu Meiner Freude (Motet BWV227) Christe Eleison (Messe in H-moll BWV232) Meine Herze Schwimmt im &hellip; <\/p>\n<p class=\"link-more\"><a href=\"https:\/\/tanjademkow.nl\/?page_id=1319\" class=\"more-link\">Continue reading<span class=\"screen-reader-text\"> &#8220;Repertoire&#8221;<\/span><\/a><\/p>\n","protected":false},"author":2,"featured_media":0,"parent":0,"menu_order":0,"comment_status":"closed","ping_status":"closed","template":"","meta":{"footnotes":""},"class_list":["post-1319","page","type-page","status-publish","hentry"],"_links":{"self":[{"href":"https:\/\/tanjademkow.nl\/index.php?rest_route=\/wp\/v2\/pages\/1319","targetHints":{"allow":["GET"]}}],"collection":[{"href":"https:\/\/tanjademkow.nl\/index.php?rest_route=\/wp\/v2\/pages"}],"about":[{"href":"https:\/\/tanjademkow.nl\/index.php?rest_route=\/wp\/v2\/types\/page"}],"author":[{"embeddable":true,"href":"https:\/\/tanjademkow.nl\/index.php?rest_route=\/wp\/v2\/users\/2"}],"replies":[{"embeddable":true,"href":"https:\/\/tanjademkow.nl\/index.php?rest_route=%2Fwp%2Fv2%2Fcomments&post=1319"}],"version-history":[{"count":18,"href":"https:\/\/tanjademkow.nl\/index.php?rest_route=\/wp\/v2\/pages\/1319\/revisions"}],"predecessor-version":[{"id":1509,"href":"https:\/\/tanjademkow.nl\/index.php?rest_route=\/wp\/v2\/pages\/1319\/revisions\/1509"}],"wp:attachment":[{"href":"https:\/\/tanjademkow.nl\/index.php?rest_route=%2Fwp%2Fv2%2Fmedia&parent=1319"}],"curies":[{"name":"wp","href":"https:\/\/api.w.org\/{rel}","templated":true}]}}